hat is -18 - 163?
-17b
In base 3, what is -12120 - -12?
-12101
In base 12, what is 1 + -20?
-1b
In base 7, what is 46 + 51?
130
In base 11, what is 3 - 70?
-68
In base 4, what is 321 + -1?
320
In base 15, what is 470 - -2?
472
In base 15, what is -21 + -7?
-28
In base 14, what is -90b + -b?
-918
In base 6, what is -13 - -33?
20
In base 11, what is 1464 - -4?
1468
In base 7, what is -3 - 10?
-13
In base 9, what is 45 - -368?
424
In base 13, what is 3a - 4?
36
In base 6, what is -222354 + -1?
-222355
In base 9, what is 1 - -12?
13
In base 13, what is 240 + -5?
238
In base 12, what is -2 - -bb1?
bab
In base 16, what is -4 + 17?
13
In base 14, what is 9503 - 0?
9503
In base 4, what is -112 - -33?
-13
In base 15, what is 1b + 6?
22
In base 9, what is 121 - 13?
107
In base 15, what is -1 - 2142?
-2143
In base 13, what is 7 + 118?
122
In base 9, what is 33 - 123?
-80
In base 11, what is -5 - 70?
-75
In base 14, what is -d4 - a?
-100
In base 4, what is 1111 + -2?
1103
In base 3, what is 2 + 10101?
10110
In base 16, what is e - -2b?
39
In base 12, what is 5a - -7?
65
In base 10, what is -3 + 13?
10
In base 11, what is -13 + -147?
-15a
In base 8, what is 32 + -11?
21
In base 10, what is -3 - -493?
490
In base 15, what is 104c - -1?
104d
In base 16, what is -a + a?
0
In base 12, what is 269 + 3?
270
In base 11, what is -2 + -145?
-147
In base 2, what is 100 + 101111000?
101111100
In base 4, what is -13 + 101?
22
In base 6, what is 3 - -55?
102
In base 10, what is -87 - -17?
-70
In base 7, what is 2 + 56?
61
In base 9, what is -27 - 432?
-460
In base 16, what is 1e - c?
12
In base 9, what is 14 - 615?
-601
In base 7, what is 266 - -2?
301
In base 15, what is 8 + -e?
-6
In base 4, what is -1 + 111?
110
In base 8, what is 547 - 0?
547
In base 14, what is -193 - -1d?
-174
In base 2, what is 1000 - -10111100?
11000100
In base 9, what is -7 + 235?
227
In base 5, what is -14 + -10242?
-10311
In base 5, what is 4014 + -31?
3433
In base 16, what is bd + -5?
b8
In base 4, what is -20003 - -20?
-13323
In base 9, what is -4 - 324?
-328
In base 14, what is -d - -7?
-6
In base 3, what is -12 + -1202211?
-1210000
In base 5, what is -220 - 344?
-1114
In base 9, what is -33 - 7?
-41
In base 4, what is 2 + 110?
112
In base 16, what is 0 - -1a1?
1a1
In base 15, what is 2b3 + 3?
2b6
In base 7, what is -5 - -131?
123
In base 11, what is 7 + 5?
11
In base 3, what is 10022 - -120?
10212
In base 4, what is -203 - 332?
-1201
In base 5, what is 2 - -40?
42
In base 6, what is 12 - 14?
-2
In base 16, what is 4 + -de?
-da
In base 9, what is -15 + 25?
10
In base 8, what is -31 + 4?
-25
In base 8, what is -226 + -2?
-230
In base 6, what is 24231 + -5?
24222
In base 4, what is 10 + 1032032?
1032102
In base 10, what is 1794 + 3?
1797
In base 15, what is 4c9 - -3?
4cc
In base 11, what is 1094 + 3?
1097
In base 7, what is -5 - 312?
-320
In base 14, what is 19 + 164?
17d
In base 13, what is -80 + c?
-71
In base 3, what is 11 + -10022202?
-10022121
In base 11, what is 350 - 3?
348
In base 16, what is -54 - c?
-60
In base 10, what is 2 + -16?
-14
In base 16, what is -31 + 2?
-2f
In base 5, what is 221401 - 10?
221341
In base 7, what is 1101 - 3?
1065
In base 4, what is 2001 - -13?
2020
In base 10, what is -146 + -10?
-156
In base 12, what is -66 + 9?
-59
In base 4, what is -11 - -1222?
1211
In base 3, what is -10110121 + 12?
-10110102
In base 7, what is 6 + -1061?
-1052
In base 12, what is 0 - -263?
263
In base 14, what is 5 + -3d6?
-3d1
In base 6, what is 131 - 304?
-133
In base 13, what is -3 + -56?
-59
In base 13, what is 31 + 4?
35
In base 4, what is 0 + 1011?
1011
In base 5, what is -10 + -444?
-1004
In base 10, what is 17256 - -1?
17257
In base 15, what is -ec - 9?
-106
In base 4, what is 3 + -21013?
-21010
In base 13, what is -9 - 86?
-92
In base 12, what is 16 + 2?
18
In base 15, what is 5 + -20d?
-208
In base 3, what is 0 - -1221?
1221
In base 4, what is 2 + 33130?
33132
In base 16, what is -2862 + 0?
-2862
In base 12, what is 3 - 113?
-110
In base 6, what is 152 + 11?
203
In base 6, what is 32 + 31?
103
In base 4, what is -3200 + -1?
-3201
In base 5, what is -120 - -34?
-31
In base 8, what is -10 + -123?
-133
In base 15, what is 4 - -27?
2b
In base 12, what is -3 - 21?
-24
In base 15, what is 45 - -2c?
72
In base 11, what is 0 + -1213?
-1213
In base 7, what is 0 - -5523?
5523
In base 14, what is -60b + 16?
-5d5
In base 4, what is -1 + -2033?
-2100
In base 15, what is -ec + 3?
-e9
In base 5, what is 10 + 3102?
3112
In base 15, what is -18 + -3?
-1b
In base 13, what is -5 - 1984?
-1989
In base 13, what is -2 - -82?
80
In base 6, what is 105 + 115?
224
In base 11, what is -458 - 4?
-461
In base 5, what is 20100 - -3?
20103
In base 11, what is -2a0 + 2?
-299
In base 3, what is 1111 - 11?
1100
In base 11, what is 92 + -2?
90
In base 10, what is -1 + -660?
-661
In base 4, what is -13 + -211?
-230
In base 15, what is 0 - 5?
-5
In base 10, what is 151 - 5?
146
In base 8, what is -3 - -14?
11
In base 12, what is 128 - 3?
125
In base 7, what is -15 + -22?
-40
In base 3, what is 1102212112 + -12?
1102212100
In base 10, what is -128 + -16?
-144
In base 5, what is 2 + 3?
10
In base 5, what is 122 + 11?
133
In base 16, what is -4b + -81?
-cc
In base 13, what is -135 + 2c?
-106
In base 9, what is -1 - -113?
112
In base 14, what is -2 + -9a6?
-9a8
In base 14, what is 289 + 3?
28c
In base 2, what is -1111101110 + 101?
-1111101001
In base 6, what is -3 + -251?
-254
In base 3, what is -220001 - 1?
-220002
In base 7, what is 1 + 4653?
4654
In base 7, what is -1416 - 2?
-1421
In base 7, what is -654 + 1?
-653
In base 9, what is 33 + 48?
82
In base 9, what is -27 - -1?
-26
In base 3, what is 100210 + -2122?
21011
In base 6, what is -5 + -1343?
-1352
In base 16, what is -9 - 4bd?
-4c6
In base 7, what is 4314 - 0?
4314
In base 16, what is 7 + 9?
10
In base 2, what is -101 - -1111110100?
1111101111
In base 16, what is -98 + -35?
-cd
In base 15, what is 4 - -60b?
610
In base 12, what is 3 + 5693?
5696
In base 15, what is -28d + 4?
-289
In base 8, what is -156 - -1?
-155
In base 5, what is -122 - 100?
-222
In base 13, what is 3316 + -5?
3311
In base 12, what is -8 + -19?
-25
In base 9, what is -383 - 4?
-387
In base 8, what is -4 + -1001?
-1005
In base 6, what is -2002 - -30?
-1532
In base 5, what is -22 + 0?
-22
In base 11, what is -1 - -3?
2
In base 9, what is -45 - -5?
-40
In base 5, what is -12 - 110?
-122
In base 14, what is 1369 - 1?
1368
In base 8, what is 3 + -340?
-335
In base 11, what is 646 + 2?
648
In base 10, what is 33 - -15?
48
In base 16, what is -30d - -1?
-30c
In base 14, what is -43 + 23?
-20
In base 16, what is -3 - -2c?
29
In base 5, what is 30241 + -10?
30231
In base 16, what is -c0 - -a?
-b6
In base 16, what is -7 + -2?
-9
In base 6, what is -3 - -1155?
1152
In base 14, what is 34 - 10d?
-b9
In base 16, what is 39 - -5?
3e
In base 7, what is -11 + 31?
20
In base 7, what is -2 - 46?
-51
In base 12, what is 85 - 1?
84
In base 12, what is -132 + -2?
-134
In base 12, what is -2 + -294?
-296
In base 9, what is 13 - -26?
40
In base 13, what is 1 + -43?
-42
In base 14, what is -105 - 12?
-117
In base 5, what is 2443 + 10?
3003
In base 8, what is -11 + -154?
-165
In base 13, what is 282a + 3?
2830
In base 16, what is 5 + -18e?
-189
In base 12, what is 34 + 5?
39
In base 16, what is 1c5 + 2?
1c7
In base 4, what is -112 - -10001?
3223
In base 12, what is -517a + -2?
-5180
In base 8, what is 1463 - 12?
1451
In base 13, what is -3 + 2c1?
2bb
In base 12, what is -4 + 567?
563
In base 15, what is -5 + 8?
3
In base 9, what is 4 - 58?
-54
In base 12, what is -2159 + -3?
-2160
In base 12, what is b9 - -144?
241
In base 9, what is 67 + -7?
60
In base 9, what is 2443 + -4?
2438
In base 8, what is 240 - -3?
243
In base 2, what is -10000 + -100010100?
-100100100
In base 2, what is -1011011 + -100?
-1011111
In base 4, what is 0 + 123333?
123333
In base 2, what is 1000 + 1101101?
1110101
In base 16, what is 57b + 4?
57f
In base 12, what is -32 + -1?
-33
In base 2, what is -100 - 11111001?
-11111101
In base 4, what is -3 - 131?
-200
In base 5, what is -20 + 1?
-14
In base 13, what is -4 + -39?
-40
In base 4, what is 122 + 30312?
31100
In base 8, what is 4 + -766?
-762
In base 11, what is 0 + 4a9?
4a9
In 